t is the greatest common divisor of o and 99?
9
Suppose -5*w - 4*g = 16, -3*w - g = g + 10. Let c(x) = -13*x - 10. Let b be c(w). Calculate the greatest common factor of b and 28.
14
Suppose -15*v - 12*v + 8208 = 0. What is the highest common divisor of 38 and v?
38
Let b(x) = x**3 + 5*x**2 - x - 5. Let f be b(-5). Let r be 16*(-1)/(-1 + -1). Suppose f*j = -j + r. Calculate the highest common divisor of 8 and j.
8
Let q = -3145 - -3149. Suppose -4*g + 0*g = -8. What is the greatest common divisor of g and q?
2
Let i = -298 + 310. What is the greatest common divisor of 21 and i?
3
Let b = 85 + 527. Calculate the greatest common divisor of b and 36.
36
Let q(l) = 2*l + 16. Let o be q(-11). Let w = 26 + o. Suppose 5*c - 50 = -3*b, b = -4*c + 2*b + 40. What is the highest common divisor of w and c?
10
Suppose 4*j - j - 5*u = 2837, 3*j = -5*u + 2827. What is the highest common factor of j and 16?
16
Suppose 2*r - 780 = -2*n + r, -3*r = 4*n - 1556. Calculate the highest common factor of 49 and n.
49
Let n = -38 - -1. Let c = 79 + n. Calculate the greatest common divisor of 28 and c.
14
Let b be ((-50)/2)/(1/(-2)). Let y(t) = 8*t**2 + 92*t + 365. Let c be y(-4). Calculate the highest common factor of c and b.
25
Let h = -1 + 22. Let a(y) = -6*y - 1. Let w be a(-1). Suppose -x = w*x - 42. Calculate the greatest common divisor of h and x.
7
Let g(u) = -u**3 - u**2 - 2*u + 1. Let m be g(4). Let i = -471 - -712. Let j = m + i. What is the greatest common divisor of 22 and j?
22
Suppose 1245 - 125 = 5*b. What is the greatest common factor of 32 and b?
32
Suppose -5*r = 247 - 2347. Suppose 2*m - r = -4*m. What is the highest common divisor of 28 and m?
14
Let r = -3 - -9. Let t(w) = 5*w - 2. Let b be t(r). Suppose 3*q - 14*q = -2464. What is the highest common divisor of q and b?
28
Let d(u) = u**2 - 13*u + 15. Let j be d(12). Let g(p) = 4*p + 6. Let r be g(j). Calculate the highest common divisor of 54 and r.
18
Suppose 43 = -3*m + d + 131, 2*m - 56 = 2*d. Calculate the highest common factor of m and 6.
6
Suppose 1164 = 2*p - 4*v, -v + 4*v = -2*p + 1136. What is the highest common factor of 14 and p?
14
Suppose -8 = 3*k - 92. Calculate the highest common factor of k and 7.
7
Let g(o) = -43*o - 189. Let r be g(-7). What is the greatest common factor of 56 and r?
56
Let i = 562 - 220. Calculate the greatest common factor of 912 and i.
114
Let x be (12/(-30))/(2/(-180)). Let j = 190 - x. Suppose 3*k - 246 - j = -5*s, -3*s + 3*k + 240 = 0. What is the highest common divisor of 16 and s?
16
Suppose -4*u - 4*b + 54 = -126, 2*u - 3*b = 95. Let x = u + 196. What is the greatest common divisor of 22 and x?
22
Let f be -11*(-3)/(-11 + 14). Calculate the greatest common divisor of f and 1705.
11
Suppose 3 = -2*k + 7. Suppose k*i = -2*i + 64. Let z be 2 + -2 + 10 + -2. Calculate the greatest common factor of z and i.
8
Suppose 2400 = 6*p + 34*p. Calculate the highest common factor of p and 110.
10
Let w be (-6)/15 - 1/((-15)/5571). Suppose 3*s - 369 = 3*z, w = 3*s - 5*z + z. Let k = 21 + -10. Calculate the greatest common factor of s and k.
11
Suppose -4*j + 110 = -2*v - 776, j - 2*v = 214. Let r be (-4)/1 - 3/(5/(960/(-18))). Calculate the highest common divisor of j and r.
28
Suppose -i + 29 = 3*i - l, 3*i - l = 21. Suppose 2*d + 50 = 5*z, 2*z - 4*d - 36 = -0*d. What is the greatest common divisor of i and z?
8
Suppose -7*l - 118 = 29. Let p be (-579)/l - (-3)/7. What is the greatest common divisor of 21 and p?
7
Let s be (-4257)/(-27) + (50/(-6))/5. Suppose 4*u = -u - 20, 4*d - 116 = 3*u. What is the highest common divisor of s and d?
26
Let x be -5 + 1 - 39/(-1). Let z = 39 - x. Suppose 2*t - 42 = -z*d, 5*d + 5*t = -25 + 90. Calculate the greatest common factor of d and 4.
4
Let u be -2*-13*21/6. Calculate the greatest common divisor of u and 26.
13
Let a(f) = f**3 - 17*f**2 + 40*f + 46. Let p be a(14). What is the highest common factor of 99 and p?
9
Suppose -5*x - 3*h = -0*h - 4, -4*h = 3*x + 2. Let f be 172/14 - 4*x/28. Calculate the greatest common factor of 96 and f.
12
Let s = 18 - 6. Let a be 8/28 - s/(-7). Calculate the highest common factor of 18 and a.
2
Suppose -z = 4*z - 210. Let j = 105 - z. Calculate the highest common divisor of 9 and j.
9
Suppose 0 = -3*k + 29 + 1. Let u be 4/5 - (-112)/k. What is the highest common factor of 108 and u?
12
Let j = -145 + 696. What is the greatest common factor of 116 and j?
29
Let g(a) = 0*a**3 + a**3 + 0*a**3 - 5*a + 18*a**2 + 20*a - 27. Let u be g(-17). Calculate the highest common factor of u and 7.
7
Suppose 2*t = 14*t - 1260. What is the greatest common factor of t and 147?
21
Let d(s) = s + 13. Let q be d(18). Let h = 106 - q. What is the greatest common factor of 30 and h?
15
Suppose -996 = 3*k - 5*k. Calculate the highest common factor of 6 and k.
6
Let o be (-2)/(2/3)*-3. Let n be (-20)/6 - 2/(-12)*2. Let a be (-87)/n*1 + -2. Calculate the greatest common divisor of o and a.
9
Let b(x) = 2*x - 4. Let t be b(10). Calculate the highest common factor of 3 and t.
1
Suppose -4*u = -c + 16, u + 4 + 0 = 4*c. Let v be 7 - ((-3 - u) + 3). What is the highest common divisor of 30 and v?
3
Let a = -11 + 18. Let b(g) = 3*g - 14. Let m be b(a). Suppose 48 = -4*w + m*w. What is the highest common factor of w and 32?
16
Let p(m) = 0*m - 5 - m**2 + 0 + 7*m. Let w be p(5). Let h be (0 + 200/12)*(-6)/(-4). What is the greatest common factor of w and h?
5
Let n = 1428 + -603. Calculate the greatest common factor of n and 66.
33
Let p be 2 - 0*(1 + -5)/4. Suppose 0 = f - 3 + 4. Let t be (f + 5)/p - -12. What is the highest common factor of 7 and t?
7
Let m(q) = -7*q + 238. Let z be m(19). What is the highest common divisor of z and 3?
3
Suppose 3*q + 32 = 5*l, -8*l + 3*l + 36 = -4*q. Calculate the highest common divisor of l and 4.
4
Let k(d) = 2*d**3 - 7*d**2 + 14*d - 12. Let h be k(5). What is the highest common divisor of 21 and h?
7
Suppose -5*y + 3*y + 2*r = -22, -2*r - 52 = -4*y. Let q(g) = -4*g - 1. Let h be q(-4). What is the highest common factor of y and h?
15
Let j be (2 - 32/(-6))*(-42)/(-4). Suppose 0 = 3*p + 6, 0 = -0*n + 5*n + 4*p - 27. What is the greatest common divisor of n and j?
7
Suppose 5*z - 3283 - 512 = 0. What is the greatest common divisor of z and 198?
33
Let w be (-2 + 0)/(-1 + -1). Let i be (-1 - w)/(2/(-35)). Suppose -28 - 4 = -2*d - 2*l, -2*d + 36 = 4*l. Calculate the greatest common divisor of i and d.
7
Suppose -390*u = -394*u + 2*z + 334, -3*z + 255 = 3*u. Calculate the greatest common divisor of 364 and u.
28
Let t(m) = -5*m - 19. Let w be t(8). Let p = 9 - w. What is the highest common divisor of 170 and p?
34
Let z = 143 - 107. Calculate the greatest common divisor of z and 168.
12
Let i = -15 + 4. Let s be ((-2)/(-4))/(i/(-22)). Let n(z) = 35*z**2 + 2*z - 1. Let h be n(s). Calculate the highest common factor of 24 and h.
12
Let r(h) = h**3 + 13*h**2 + 27*h + 22. Let o be r(-10). Calculate the highest common factor of 12 and o.
4
Suppose -2*t = -5*t. Suppose -6*q + 27 + 9 = t. Calculate the greatest common divisor of q and 24.
6
Suppose 3792 = 26*j + 464. Calculate the highest common divisor of 112 and j.
16
Suppose 0 = -r + 4*c + 129, 0 = -39*r + 35*r + 4*c + 492. Calculate the greatest common factor of r and 242.
121
Let k(h) = 13*h**2 - 207*h + 34. Let v be k(16). Suppose 0 = -2*s + 2*j + 158, -5*j - 23 = -3. Calculate the highest common factor of v and s.
25
Let v = 123 - 59. Let s(k) be the second derivative of k**4/4 + k**3/2 - k**2 - 13*k. Let t be s(2). What is the greatest common factor of v and t?
16
Suppose -5*j + 650 = 2*q, 4*j - 4*q = 776 - 256. What is the highest common divisor of j and 50?
10
Suppose -4*z - 2*j = 4, 3*z + 0 + 6 = -3*j. Suppose 7*a - 42 = -z*a. Calculate the greatest common divisor of 42 and a.
6
Let u be -149 + 3*25/15. Let d be (u/(-10))/4 - (-3)/(-5). Calculate the highest common factor of 51 and d.
3
Let t(q) = q**2 + 7. Let s be t(5). Let n = 361 - 515. Let u = n - -234. Calculate the highest common divisor of u and s.
16
Let x = -64 - -122. Calculate the highest common divisor of 464 and x.
58
Let l be -2*(-10 + 7)/(2/39). Let d(o) = 4*o + 0 + 4*o - 3. Let a be d(2). What is the greatest common divisor of a and l?
13
Suppose -33*i + 46*i = 546. W